{"id":3559,"date":"2021-03-18T10:38:31","date_gmt":"2021-03-18T09:38:31","guid":{"rendered":"https:\/\/laboratorio717.org\/?post_type=entity&#038;p=3559"},"modified":"2021-04-28T13:51:23","modified_gmt":"2021-04-28T11:51:23","slug":"carmona","status":"publish","type":"entity","link":"https:\/\/laboratorio717.org\/explorar\/agentes\/ver\/carmona\/","title":{"rendered":"Ayuntamiento de Carmona"},"content":{"rendered":"\n<p><span style=\"font-weight: 400;\">Carmona es un municipio de Andaluc\u00eda perteneciente a la provincia de Sevilla. Actualmente cuenta con una poblaci\u00f3n de\u00a0 28.485 habitantes. Cabe destacar que <\/span><span style=\"font-weight: 400;\">la orograf\u00eda carmonense cuenta con algunas colinas y vaguadas, al sur hay una elevaci\u00f3n que acaba en forma de esquina en un acantilado. Este lugar es conocido como El Picacho, y cuenta con una torre defensiva.\u00a0<\/span><\/p>\n<p><span style=\"font-weight: 400;\">Las competencias de participaci\u00f3n ciudadana del <\/span><b>Ayuntamiento de Carmona <\/b><span style=\"font-weight: 400;\">se enmarcan en el \u00c1rea de Participaci\u00f3n Ciudadana y est\u00e1n coordinadas\u00a0 a trav\u00e9s de\u00a0 la <\/span><b>Delegaci\u00f3n de Participaci\u00f3n Ciudadana, Comunicaci\u00f3n, Seguridad y Tr\u00e1fico.<\/b><\/p>\n<p><span style=\"font-weight: 400;\">De acuerdo con la<\/span><a href=\"http:\/\/opina.carmona.org\/\"><span style=\"font-weight: 400;\"> p\u00e1gina web del \u00c1rea<\/span><\/a><span style=\"font-weight: 400;\"> la persona responsable es:<\/span><\/p>\n<ul>\n<li><span style=\"font-weight: 400;\"><strong>Antonio Herrero Ben\u00edtez,<\/strong> Concejal\u00a0 Delegado en Participaci\u00f3n Ciudadana, Comunicaci\u00f3n, Seguridad y Tr\u00e1fico.<\/span><\/li>\n<\/ul>\n<p><span style=\"font-weight: 400;\">El <\/span><a href=\"http:\/\/transparencia.carmona.org\/export\/sites\/carmona\/es\/transparencia\/.galleries\/IND-30-\/Reglamento-de-participacion-ciudadana.pdf\"><span style=\"font-weight: 400;\">Reglamento de Participaci\u00f3n Ciudadana<\/span><\/a><span style=\"font-weight: 400;\">\u00a0 del Ayuntamiento de Carmona regula las normas referentes a las formas, medios y procedimientos de informaci\u00f3n de vecinos\/as y entidades ciudadanas en la gesti\u00f3n municipal, as\u00ed como la organizaci\u00f3n, funcionamiento y competencias de los \u00f3rganos de participaci\u00f3n.<\/span><\/p>\n<p><span style=\"font-weight: 400;\">El ayuntamiento cuenta con los siguientes \u00f3rganos de\u00a0 participaci\u00f3n:<\/span><\/p>\n<ul>\n<li style=\"font-weight: 400;\" aria-level=\"1\"><b>El consejo social de la ciudad<\/b><span style=\"font-weight: 400;\">, \u00f3rgano consultivo y de participaci\u00f3n del ayuntamiento de Carmona, a trav\u00e9s del cual, las personas representantes de la ciudadan\u00eda y las personas representantes del ayuntamiento\u00a0 debaten los principales asuntos del municipio.<\/span><\/li>\n<li style=\"font-weight: 400;\" aria-level=\"1\"><b>Consejos sectoriales, <\/b><span style=\"font-weight: 400;\">\u00f3rganos creados de participaci\u00f3n y propuesta de actuaci\u00f3n ciudadana en los distintos \u00e1mbitos de la actividad municipal en los que el ayuntamiento ejerce sus competencias.<\/span><\/li>\n<li style=\"font-weight: 400;\" aria-level=\"1\"><b>Consejos de barrio, <\/b><span style=\"font-weight: 400;\">instrumentos de descentralizaci\u00f3n pol\u00edtica de la gesti\u00f3n municipal, son \u00f3rganos de participaci\u00f3n, consulta, informaci\u00f3n, control y propuesta de la gesti\u00f3n municipal, que permiten la participaci\u00f3n de vecinos y colectivos y entidades de un mismo barrio o territorio en la cogesti\u00f3n de municipios.\u00a0<\/span><\/li>\n<\/ul>\n<p><span style=\"font-weight: 400;\">Adem\u00e1s, en la web del Ayuntamiento se puede encontrar un espacio destinado para <\/span><a href=\"https:\/\/www.carmona.org\/servicio\/sac\/envsug.php\"><span style=\"font-weight: 400;\">quejas y sugerencias<\/span><\/a><span style=\"font-weight: 400;\"> de los ciudadanos de la localidad.<\/span><\/p>\n<p><i><span style=\"font-weight: 400;\">Informaci\u00f3n actualizada a 22 de abril de 2021 de acuerdo con los datos disponibles en las fuentes indicadas en el texto.<\/span><\/i><\/p>\n","protected":false},"author":225,"featured_media":3560,"template":"","tags":[160,496],"entity_type":[71],"class_list":["post-3559","entity","type-entity","status-publish","has-post-thumbnail","hentry","tag-ayuntamiento","tag-ayuntamiento-de-carmona","entity_type-organismo-publico"],"yoast_head":"<!-- This site is optimized with the Yoast SEO plugin v26.8 - https:\/\/yoast.com\/product\/yoast-seo-wordpress\/ -->\n<title>Ayuntamiento de Carmona - Lab 717<\/title>\n<meta name=\"robots\" content=\"index, follow, max-snippet:-1, max-image-preview:large, max-video-preview:-1\" \/>\n<link rel=\"canonical\" href=\"https:\/\/laboratorio717.org\/explorar\/agentes\/ver\/carmona\/\" \/>\n<meta property=\"og:locale\" content=\"es_ES\" \/>\n<meta property=\"og:type\" content=\"article\" \/>\n<meta property=\"og:title\" content=\"Ayuntamiento de Carmona - Lab 717\" \/>\n<meta property=\"og:url\" content=\"https:\/\/laboratorio717.org\/explorar\/agentes\/ver\/carmona\/\" \/>\n<meta property=\"og:site_name\" content=\"Lab 717\" \/>\n<meta property=\"article:modified_time\" content=\"2021-04-28T11:51:23+00:00\" \/>\n<meta property=\"og:image\" content=\"https:\/\/laboratorio717.org\/wp-content\/uploads\/2021\/03\/1200px-Escudo_de_Carmona.svg_.png\" \/>\n\t<meta property=\"og:image:width\" content=\"1200\" \/>\n\t<meta property=\"og:image:height\" content=\"2127\" \/>\n\t<meta property=\"og:image:type\" content=\"image\/png\" \/>\n<meta name=\"twitter:card\" content=\"summary_large_image\" \/>\n<meta name=\"twitter:label1\" content=\"Tiempo de lectura\" \/>\n\t<meta name=\"twitter:data1\" content=\"2 minutos\" \/>\n<script type=\"application\/ld+json\" class=\"yoast-schema-graph\">{\"@context\":\"https:\/\/schema.org\",\"@graph\":[{\"@type\":\"WebPage\",\"@id\":\"https:\/\/laboratorio717.org\/explorar\/agentes\/ver\/carmona\/\",\"url\":\"https:\/\/laboratorio717.org\/explorar\/agentes\/ver\/carmona\/\",\"name\":\"Ayuntamiento de Carmona - Lab 717\",\"isPartOf\":{\"@id\":\"https:\/\/laboratorio717.org\/#website\"},\"primaryImageOfPage\":{\"@id\":\"https:\/\/laboratorio717.org\/explorar\/agentes\/ver\/carmona\/#primaryimage\"},\"image\":{\"@id\":\"https:\/\/laboratorio717.org\/explorar\/agentes\/ver\/carmona\/#primaryimage\"},\"thumbnailUrl\":\"https:\/\/laboratorio717.org\/wp-content\/uploads\/2021\/03\/1200px-Escudo_de_Carmona.svg_.png\",\"datePublished\":\"2021-03-18T09:38:31+00:00\",\"dateModified\":\"2021-04-28T11:51:23+00:00\",\"breadcrumb\":{\"@id\":\"https:\/\/laboratorio717.org\/explorar\/agentes\/ver\/carmona\/#breadcrumb\"},\"inLanguage\":\"es\",\"potentialAction\":[{\"@type\":\"ReadAction\",\"target\":[\"https:\/\/laboratorio717.org\/explorar\/agentes\/ver\/carmona\/\"]}]},{\"@type\":\"ImageObject\",\"inLanguage\":\"es\",\"@id\":\"https:\/\/laboratorio717.org\/explorar\/agentes\/ver\/carmona\/#primaryimage\",\"url\":\"https:\/\/laboratorio717.org\/wp-content\/uploads\/2021\/03\/1200px-Escudo_de_Carmona.svg_.png\",\"contentUrl\":\"https:\/\/laboratorio717.org\/wp-content\/uploads\/2021\/03\/1200px-Escudo_de_Carmona.svg_.png\",\"width\":1200,\"height\":2127},{\"@type\":\"BreadcrumbList\",\"@id\":\"https:\/\/laboratorio717.org\/explorar\/agentes\/ver\/carmona\/#breadcrumb\",\"itemListElement\":[{\"@type\":\"ListItem\",\"position\":1,\"name\":\"Portada\",\"item\":\"https:\/\/laboratorio717.org\/\"},{\"@type\":\"ListItem\",\"position\":2,\"name\":\"Agentes\",\"item\":\"https:\/\/laboratorio717.org\/explorar\/agentes\/\"},{\"@type\":\"ListItem\",\"position\":3,\"name\":\"Ayuntamiento de Carmona\"}]},{\"@type\":\"WebSite\",\"@id\":\"https:\/\/laboratorio717.org\/#website\",\"url\":\"https:\/\/laboratorio717.org\/\",\"name\":\"Lab 717\",\"description\":\"Laboratorio de Participaci\u00f3n e Innovaci\u00f3n Democr\u00e1tica de Andaluc\u00eda\",\"publisher\":{\"@id\":\"https:\/\/laboratorio717.org\/#organization\"},\"potentialAction\":[{\"@type\":\"SearchAction\",\"target\":{\"@type\":\"EntryPoint\",\"urlTemplate\":\"https:\/\/laboratorio717.org\/?s={search_term_string}\"},\"query-input\":{\"@type\":\"PropertyValueSpecification\",\"valueRequired\":true,\"valueName\":\"search_term_string\"}}],\"inLanguage\":\"es\"},{\"@type\":\"Organization\",\"@id\":\"https:\/\/laboratorio717.org\/#organization\",\"name\":\"Laboratorio 717\",\"url\":\"https:\/\/laboratorio717.org\/\",\"logo\":{\"@type\":\"ImageObject\",\"inLanguage\":\"es\",\"@id\":\"https:\/\/laboratorio717.org\/#\/schema\/logo\/image\/\",\"url\":\"https:\/\/laboratorio717.org\/wp-content\/uploads\/2019\/04\/lab717_A00_redes.png\",\"contentUrl\":\"https:\/\/laboratorio717.org\/wp-content\/uploads\/2019\/04\/lab717_A00_redes.png\",\"width\":1200,\"height\":630,\"caption\":\"Laboratorio 717\"},\"image\":{\"@id\":\"https:\/\/laboratorio717.org\/#\/schema\/logo\/image\/\"}}]}<\/script>\n<!-- \/ Yoast SEO plugin. -->","yoast_head_json":{"title":"Ayuntamiento de Carmona - Lab 717","robots":{"index":"index","follow":"follow","max-snippet":"max-snippet:-1","max-image-preview":"max-image-preview:large","max-video-preview":"max-video-preview:-1"},"canonical":"https:\/\/laboratorio717.org\/explorar\/agentes\/ver\/carmona\/","og_locale":"es_ES","og_type":"article","og_title":"Ayuntamiento de Carmona - Lab 717","og_url":"https:\/\/laboratorio717.org\/explorar\/agentes\/ver\/carmona\/","og_site_name":"Lab 717","article_modified_time":"2021-04-28T11:51:23+00:00","og_image":[{"width":1200,"height":2127,"url":"https:\/\/laboratorio717.org\/wp-content\/uploads\/2021\/03\/1200px-Escudo_de_Carmona.svg_.png","type":"image\/png"}],"twitter_card":"summary_large_image","twitter_misc":{"Tiempo de lectura":"2 minutos"},"schema":{"@context":"https:\/\/schema.org","@graph":[{"@type":"WebPage","@id":"https:\/\/laboratorio717.org\/explorar\/agentes\/ver\/carmona\/","url":"https:\/\/laboratorio717.org\/explorar\/agentes\/ver\/carmona\/","name":"Ayuntamiento de Carmona - Lab 717","isPartOf":{"@id":"https:\/\/laboratorio717.org\/#website"},"primaryImageOfPage":{"@id":"https:\/\/laboratorio717.org\/explorar\/agentes\/ver\/carmona\/#primaryimage"},"image":{"@id":"https:\/\/laboratorio717.org\/explorar\/agentes\/ver\/carmona\/#primaryimage"},"thumbnailUrl":"https:\/\/laboratorio717.org\/wp-content\/uploads\/2021\/03\/1200px-Escudo_de_Carmona.svg_.png","datePublished":"2021-03-18T09:38:31+00:00","dateModified":"2021-04-28T11:51:23+00:00","breadcrumb":{"@id":"https:\/\/laboratorio717.org\/explorar\/agentes\/ver\/carmona\/#breadcrumb"},"inLanguage":"es","potentialAction":[{"@type":"ReadAction","target":["https:\/\/laboratorio717.org\/explorar\/agentes\/ver\/carmona\/"]}]},{"@type":"ImageObject","inLanguage":"es","@id":"https:\/\/laboratorio717.org\/explorar\/agentes\/ver\/carmona\/#primaryimage","url":"https:\/\/laboratorio717.org\/wp-content\/uploads\/2021\/03\/1200px-Escudo_de_Carmona.svg_.png","contentUrl":"https:\/\/laboratorio717.org\/wp-content\/uploads\/2021\/03\/1200px-Escudo_de_Carmona.svg_.png","width":1200,"height":2127},{"@type":"BreadcrumbList","@id":"https:\/\/laboratorio717.org\/explorar\/agentes\/ver\/carmona\/#breadcrumb","itemListElement":[{"@type":"ListItem","position":1,"name":"Portada","item":"https:\/\/laboratorio717.org\/"},{"@type":"ListItem","position":2,"name":"Agentes","item":"https:\/\/laboratorio717.org\/explorar\/agentes\/"},{"@type":"ListItem","position":3,"name":"Ayuntamiento de Carmona"}]},{"@type":"WebSite","@id":"https:\/\/laboratorio717.org\/#website","url":"https:\/\/laboratorio717.org\/","name":"Lab 717","description":"Laboratorio de Participaci\u00f3n e Innovaci\u00f3n Democr\u00e1tica de Andaluc\u00eda","publisher":{"@id":"https:\/\/laboratorio717.org\/#organization"},"potentialAction":[{"@type":"SearchAction","target":{"@type":"EntryPoint","urlTemplate":"https:\/\/laboratorio717.org\/?s={search_term_string}"},"query-input":{"@type":"PropertyValueSpecification","valueRequired":true,"valueName":"search_term_string"}}],"inLanguage":"es"},{"@type":"Organization","@id":"https:\/\/laboratorio717.org\/#organization","name":"Laboratorio 717","url":"https:\/\/laboratorio717.org\/","logo":{"@type":"ImageObject","inLanguage":"es","@id":"https:\/\/laboratorio717.org\/#\/schema\/logo\/image\/","url":"https:\/\/laboratorio717.org\/wp-content\/uploads\/2019\/04\/lab717_A00_redes.png","contentUrl":"https:\/\/laboratorio717.org\/wp-content\/uploads\/2019\/04\/lab717_A00_redes.png","width":1200,"height":630,"caption":"Laboratorio 717"},"image":{"@id":"https:\/\/laboratorio717.org\/#\/schema\/logo\/image\/"}}]}},"_links":{"self":[{"href":"https:\/\/laboratorio717.org\/API\/wp\/v2\/entity\/3559","targetHints":{"allow":["GET"]}}],"collection":[{"href":"https:\/\/laboratorio717.org\/API\/wp\/v2\/entity"}],"about":[{"href":"https:\/\/laboratorio717.org\/API\/wp\/v2\/types\/entity"}],"author":[{"embeddable":true,"href":"https:\/\/laboratorio717.org\/API\/wp\/v2\/users\/225"}],"wp:featuredmedia":[{"embeddable":true,"href":"https:\/\/laboratorio717.org\/API\/wp\/v2\/media\/3560"}],"wp:attachment":[{"href":"https:\/\/laboratorio717.org\/API\/wp\/v2\/media?parent=3559"}],"wp:term":[{"taxonomy":"post_tag","embeddable":true,"href":"https:\/\/laboratorio717.org\/API\/wp\/v2\/tags?post=3559"},{"taxonomy":"entity_type","embeddable":true,"href":"https:\/\/laboratorio717.org\/API\/wp\/v2\/entity_type?post=3559"}],"curies":[{"name":"wp","href":"https:\/\/api.w.org\/{rel}","templated":true}]}}

<p><span style="font-weight: 400;">Carmona es un municipio de Andalucía perteneciente a la provincia de Sevilla. Actualmente cuenta con una población de  28.485 habitantes. Cabe destacar que </span><span style="font-weight: 400;">la orografía carmonense cuenta con algunas colinas y vaguadas, al sur hay una elevación que acaba en forma de esquina en un acantilado. Este lugar es conocido como El Picacho, y cuenta con una torre defensiva. </span></p>
<p><span style="font-weight: 400;">Las competencias de participación ciudadana del </span><b>Ayuntamiento de Carmona </b><span style="font-weight: 400;">se enmarcan en el Área de Participación Ciudadana y están coordinadas  a través de  la </span><b>Delegación de Participación Ciudadana, Comunicación, Seguridad y Tráfico.</b></p>
<p><span style="font-weight: 400;">De acuerdo con la</span><a href="http://opina.carmona.org/"><span style="font-weight: 400;"> página web del Área</span></a><span style="font-weight: 400;"> la persona responsable es:</span></p>
<ul>
<li><span style="font-weight: 400;"><strong>Antonio Herrero Benítez,</strong> Concejal  Delegado en Participación Ciudadana, Comunicación, Seguridad y Tráfico.</span></li>
</ul>
<p><span style="font-weight: 400;">El </span><a href="http://transparencia.carmona.org/export/sites/carmona/es/transparencia/.galleries/IND-30-/Reglamento-de-participacion-ciudadana.pdf"><span style="font-weight: 400;">Reglamento de Participación Ciudadana</span></a><span style="font-weight: 400;">  del Ayuntamiento de Carmona regula las normas referentes a las formas, medios y procedimientos de información de vecinos/as y entidades ciudadanas en la gestión municipal, así como la organización, funcionamiento y competencias de los órganos de participación.</span></p>
<p><span style="font-weight: 400;">El ayuntamiento cuenta con los siguientes órganos de  participación:</span></p>
<ul>
<li style="font-weight: 400;" aria-level="1"><b>El consejo social de la ciudad</b><span style="font-weight: 400;">, órgano consultivo y de participación del ayuntamiento de Carmona, a través del cual, las personas representantes de la ciudadanía y las personas representantes del ayuntamiento  debaten los principales asuntos del municipio.</span></li>
<li style="font-weight: 400;" aria-level="1"><b>Consejos sectoriales, </b><span style="font-weight: 400;">órganos creados de participación y propuesta de actuación ciudadana en los distintos ámbitos de la actividad municipal en los que el ayuntamiento ejerce sus competencias.</span></li>
<li style="font-weight: 400;" aria-level="1"><b>Consejos de barrio, </b><span style="font-weight: 400;">instrumentos de descentralización política de la gestión municipal, son órganos de participación, consulta, información, control y propuesta de la gestión municipal, que permiten la participación de vecinos y colectivos y entidades de un mismo barrio o territorio en la cogestión de municipios. </span></li>
</ul>
<p><span style="font-weight: 400;">Además, en la web del Ayuntamiento se puede encontrar un espacio destinado para </span><a href="https://www.carmona.org/servicio/sac/envsug.php"><span style="font-weight: 400;">quejas y sugerencias</span></a><span style="font-weight: 400;"> de los ciudadanos de la localidad.</span></p>
<p><i><span style="font-weight: 400;">Información actualizada a 22 de abril de 2021 de acuerdo con los datos disponibles en las fuentes indicadas en el texto.</span></i></p>

<!-- This site is optimized with the Yoast SEO plugin v26.8 - https://yoast.com/product/yoast-seo-wordpress/ -->
<title>Ayuntamiento de Carmona - Lab 717</title>
<meta name="robots" content="index, follow, max-snippet:-1, max-image-preview:large, max-video-preview:-1" />
<link rel="canonical" href="https://laboratorio717.org/explorar/agentes/ver/carmona/" />
<meta property="og:locale" content="es_ES" />
<meta property="og:type" content="article" />
<meta property="og:title" content="Ayuntamiento de Carmona - Lab 717" />
<meta property="og:url" content="https://laboratorio717.org/explorar/agentes/ver/carmona/" />
<meta property="og:site_name" content="Lab 717" />
<meta property="article:modified_time" content="2021-04-28T11:51:23+00:00" />
<meta property="og:image" content="https://laboratorio717.org/wp-content/uploads/2021/03/1200px-Escudo_de_Carmona.svg_.png" />
	<meta property="og:image:width" content="1200" />
	<meta property="og:image:height" content="2127" />
	<meta property="og:image:type" content="image/png" />
<meta name="twitter:card" content="summary_large_image" />
<meta name="twitter:label1" content="Tiempo de lectura" />
	<meta name="twitter:data1" content="2 minutos" />
<script type="application/ld+json" class="yoast-schema-graph">{"@context":"https://schema.org","@graph":[{"@type":"WebPage","@id":"https://laboratorio717.org/explorar/agentes/ver/carmona/","url":"https://laboratorio717.org/explorar/agentes/ver/carmona/","name":"Ayuntamiento de Carmona - Lab 717","isPartOf":{"@id":"https://laboratorio717.org/#website"},"primaryImageOfPage":{"@id":"https://laboratorio717.org/explorar/agentes/ver/carmona/#primaryimage"},"image":{"@id":"https://laboratorio717.org/explorar/agentes/ver/carmona/#primaryimage"},"thumbnailUrl":"https://laboratorio717.org/wp-content/uploads/2021/03/1200px-Escudo_de_Carmona.svg_.png","datePublished":"2021-03-18T09:38:31+00:00","dateModified":"2021-04-28T11:51:23+00:00","breadcrumb":{"@id":"https://laboratorio717.org/explorar/agentes/ver/carmona/#breadcrumb"},"inLanguage":"es","potentialAction":[{"@type":"ReadAction","target":["https://laboratorio717.org/explorar/agentes/ver/carmona/"]}]},{"@type":"ImageObject","inLanguage":"es","@id":"https://laboratorio717.org/explorar/agentes/ver/carmona/#primaryimage","url":"https://laboratorio717.org/wp-content/uploads/2021/03/1200px-Escudo_de_Carmona.svg_.png","contentUrl":"https://laboratorio717.org/wp-content/uploads/2021/03/1200px-Escudo_de_Carmona.svg_.png","width":1200,"height":2127},{"@type":"BreadcrumbList","@id":"https://laboratorio717.org/explorar/agentes/ver/carmona/#breadcrumb","itemListElement":[{"@type":"ListItem","position":1,"name":"Portada","item":"https://laboratorio717.org/"},{"@type":"ListItem","position":2,"name":"Agentes","item":"https://laboratorio717.org/explorar/agentes/"},{"@type":"ListItem","position":3,"name":"Ayuntamiento de Carmona"}]},{"@type":"WebSite","@id":"https://laboratorio717.org/#website","url":"https://laboratorio717.org/","name":"Lab 717","description":"Laboratorio de Participación e Innovación Democrática de Andalucía","publisher":{"@id":"https://laboratorio717.org/#organization"},"potentialAction":[{"@type":"SearchAction","target":{"@type":"EntryPoint","urlTemplate":"https://laboratorio717.org/?s={search_term_string}"},"query-input":{"@type":"PropertyValueSpecification","valueRequired":true,"valueName":"search_term_string"}}],"inLanguage":"es"},{"@type":"Organization","@id":"https://laboratorio717.org/#organization","name":"Laboratorio 717","url":"https://laboratorio717.org/","logo":{"@type":"ImageObject","inLanguage":"es","@id":"https://laboratorio717.org/#/schema/logo/image/","url":"https://laboratorio717.org/wp-content/uploads/2019/04/lab717_A00_redes.png","contentUrl":"https://laboratorio717.org/wp-content/uploads/2019/04/lab717_A00_redes.png","width":1200,"height":630,"caption":"Laboratorio 717"},"image":{"@id":"https://laboratorio717.org/#/schema/logo/image/"}}]}</script>
<!-- / Yoast SEO plugin. -->

Laboratorio de Participación e Innovación Democrática de Andalucía
