{"id":3450,"date":"2021-03-15T10:33:52","date_gmt":"2021-03-15T09:33:52","guid":{"rendered":"https:\/\/laboratorio717.org\/?post_type=entity&#038;p=3450"},"modified":"2021-04-19T12:59:27","modified_gmt":"2021-04-19T10:59:27","slug":"el-ejido","status":"publish","type":"entity","link":"https:\/\/laboratorio717.org\/explorar\/agentes\/ver\/el-ejido\/","title":{"rendered":"Ayuntamiento de El Ejido"},"content":{"rendered":"\n<p><span style=\"font-weight: 400;\">El Ejido es una ciudad de Andaluc\u00eda situada al suroeste de la provincia de Almer\u00eda y que cuenta con una poblaci\u00f3n de 83.758 habitantes. Es conocida por sus cultivos de invernadero, lo que la dotan de un peculiar mar de pl\u00e1stico, siendo este el principal motor econ\u00f3mico de la ciudad. Tambi\u00e9n e<\/span>s caracter\u00edstico de este municipio la Reserva Natural de Punta Entinas-Sabinar, un conjunto de dunas, playas y lagunas de gran importancia medioambiental; o el espacio arqueol\u00f3gico de Ciavieja, el cual recoge la historia y la influencia que tuvo el Neol\u00edtico, la Edad del Cobre, del Bronce y la etapa romana. El Ejido es adem\u00e1s conocido por su litoral, ba\u00f1ado por las aguas del Mediterr\u00e1neo.\u00a0<\/p>\n<p><span style=\"font-weight: 400;\">Las competencias de participaci\u00f3n ciudadana del <\/span><b>Ayuntamiento de El Ejido <\/b><span style=\"font-weight: 400;\">se enmarcan en el <\/span><b>\u00c1rea de Participaci\u00f3n Ciudadana, <\/b><span style=\"font-weight: 400;\">y se llevan a cabo a trav\u00e9s de<\/span> <span style=\"font-weight: 400;\">la <\/span><b>Concejal\u00eda de Cultura<\/b><span style=\"font-weight: 400;\">, por l<\/span>a<b> Delegaci\u00f3n especial en materia de Participaci\u00f3n.\u00a0<\/b><\/p>\n<p><span style=\"font-weight: 400;\">De acuerdo con la <\/span><span style=\"font-weight: 400;\"><a href=\"https:\/\/transparencia.elejido.es\/index.php\/publicidad-activa\/242-informacion-institucional-y-organizativa\/concejales-delegados\/1110-concejales-delegados\">p\u00e1gina web del consistorio<\/a><\/span><span style=\"font-weight: 400;\">, la persona responsables es:<\/span><\/p>\n<ul>\n<li aria-level=\"1\"><strong>Domingo Jes\u00fas P\u00e9rez G\u00f3mez,<\/strong> T\u00e9cnico de Participaci\u00f3n Ciudadana.<\/li>\n<li style=\"font-weight: 400;\" aria-level=\"1\"><b>Julia Ib\u00e1\u00f1ez Mart\u00ednez<\/b><span style=\"font-weight: 400;\">, <\/span><span style=\"font-weight: 400;\">Segunda Teniente de Alcalde y Concejala de Cultura, <\/span><span style=\"font-weight: 400;\">encargada de la <\/span><span style=\"font-weight: 400;\">Delegaci\u00f3n gen\u00e9rica para la direcci\u00f3n y gesti\u00f3n del \u00c1rea de Cultura y delegaci\u00f3n especial en materia de Participaci\u00f3n.\u00a0<\/span><\/li>\n<\/ul>\n<p><span style=\"font-weight: 400;\">El Ayuntamiento de El Ejido considera una herramienta b\u00e1sica para promover la articulaci\u00f3n de din\u00e1micas participativas que contribuyan al desarrollo socio-comunitario y la habilitaci\u00f3n de espacios en los que las entidades puedan desarrollar su trabajo creativo y deliberativo de forma independiente y responsable. Por ello, a trav\u00e9s de concesiones de uso privativo, se pone a disposici\u00f3n de las entidades sin \u00e1nimo de lucro inscritas en el Registro Municipal de Asociaciones y Entidades sin \u00e1nimo de lucro de El Ejido, el edificio de titularidad municipal denominado <strong>Centro Asociativo Municipal<\/strong>.<\/span><\/p>\n<p><span style=\"font-weight: 400;\"> Estas instalaciones del Centro Asociativo Municipal, que cuentan con despachos individuales y salas de trabajo y formaci\u00f3n para uso compartido, son el espacio id\u00f3neo con el que el Ayuntamiento de El Ejido quiere contribuir al desarrollo de un movimiento asociativo s\u00f3lido, responsable y comprometido en la construcci\u00f3n de un modelo social que garantice la convivencia ciudadana.<\/span><\/p>\n<p><span style=\"font-weight: 400;\">En la web se incluye informaci\u00f3n sobre las <\/span><a href=\"https:\/\/participacion.elejido.es\/index.php\/centro-asociativo\/\"><span style=\"font-weight: 400;\">Asociaciones del Centro Asociativo Municipal<\/span><\/a><span style=\"font-weight: 400;\">, las <\/span><a href=\"https:\/\/participacion.elejido.es\/index.php\/convocatorias\/\"><span style=\"font-weight: 400;\">Convocatorias y Subvenciones<\/span><\/a><span style=\"font-weight: 400;\">, as\u00ed como la <\/span><a href=\"https:\/\/participacion.elejido.es\/index.php\/248-2\/\"><span style=\"font-weight: 400;\">Documentaci\u00f3n y Procedimientos<\/span><\/a><span style=\"font-weight: 400;\"> y <\/span><a href=\"https:\/\/participacion.elejido.es\/index.php\/formacion\/\"><span style=\"font-weight: 400;\">Programas Formativos<\/span><\/a><span style=\"font-weight: 400;\">. Tambi\u00e9n es posible acceder a un <a href=\"https:\/\/participacion.elejido.es\/index.php\/calendario-participacion\/\">Calendario de Actividades<\/a> y noticias sobre la participaci\u00f3n.<\/span><\/p>\n<p><i><span style=\"font-weight: 400;\">Informaci\u00f3n actualizada a 19 de abril de 2021 de acuerdo con los datos disponibles en las fuentes indicadas en el texto.<\/span><\/i><\/p>\n","protected":false},"author":211,"featured_media":3451,"template":"","tags":[160,449],"entity_type":[71],"class_list":["post-3450","entity","type-entity","status-publish","has-post-thumbnail","hentry","tag-ayuntamiento","tag-el-ejido","entity_type-organismo-publico"],"yoast_head":"<!-- This site is optimized with the Yoast SEO plugin v26.8 - https:\/\/yoast.com\/product\/yoast-seo-wordpress\/ -->\n<title>Ayuntamiento de El Ejido - Lab 717<\/title>\n<meta name=\"robots\" content=\"index, follow, max-snippet:-1, max-image-preview:large, max-video-preview:-1\" \/>\n<link rel=\"canonical\" href=\"https:\/\/laboratorio717.org\/explorar\/agentes\/ver\/el-ejido\/\" \/>\n<meta property=\"og:locale\" content=\"es_ES\" \/>\n<meta property=\"og:type\" content=\"article\" \/>\n<meta property=\"og:title\" content=\"Ayuntamiento de El Ejido - Lab 717\" \/>\n<meta property=\"og:url\" content=\"https:\/\/laboratorio717.org\/explorar\/agentes\/ver\/el-ejido\/\" \/>\n<meta property=\"og:site_name\" content=\"Lab 717\" \/>\n<meta property=\"article:modified_time\" content=\"2021-04-19T10:59:27+00:00\" \/>\n<meta property=\"og:image\" content=\"https:\/\/laboratorio717.org\/wp-content\/uploads\/2021\/03\/descarga-1-1.png\" \/>\n\t<meta property=\"og:image:width\" content=\"315\" \/>\n\t<meta property=\"og:image:height\" content=\"160\" \/>\n\t<meta property=\"og:image:type\" content=\"image\/png\" \/>\n<meta name=\"twitter:card\" content=\"summary_large_image\" \/>\n<meta name=\"twitter:label1\" content=\"Tiempo de lectura\" \/>\n\t<meta name=\"twitter:data1\" content=\"2 minutos\" \/>\n<script type=\"application\/ld+json\" class=\"yoast-schema-graph\">{\"@context\":\"https:\/\/schema.org\",\"@graph\":[{\"@type\":\"WebPage\",\"@id\":\"https:\/\/laboratorio717.org\/explorar\/agentes\/ver\/el-ejido\/\",\"url\":\"https:\/\/laboratorio717.org\/explorar\/agentes\/ver\/el-ejido\/\",\"name\":\"Ayuntamiento de El Ejido - Lab 717\",\"isPartOf\":{\"@id\":\"https:\/\/laboratorio717.org\/#website\"},\"primaryImageOfPage\":{\"@id\":\"https:\/\/laboratorio717.org\/explorar\/agentes\/ver\/el-ejido\/#primaryimage\"},\"image\":{\"@id\":\"https:\/\/laboratorio717.org\/explorar\/agentes\/ver\/el-ejido\/#primaryimage\"},\"thumbnailUrl\":\"https:\/\/laboratorio717.org\/wp-content\/uploads\/2021\/03\/descarga-1-1.png\",\"datePublished\":\"2021-03-15T09:33:52+00:00\",\"dateModified\":\"2021-04-19T10:59:27+00:00\",\"breadcrumb\":{\"@id\":\"https:\/\/laboratorio717.org\/explorar\/agentes\/ver\/el-ejido\/#breadcrumb\"},\"inLanguage\":\"es\",\"potentialAction\":[{\"@type\":\"ReadAction\",\"target\":[\"https:\/\/laboratorio717.org\/explorar\/agentes\/ver\/el-ejido\/\"]}]},{\"@type\":\"ImageObject\",\"inLanguage\":\"es\",\"@id\":\"https:\/\/laboratorio717.org\/explorar\/agentes\/ver\/el-ejido\/#primaryimage\",\"url\":\"https:\/\/laboratorio717.org\/wp-content\/uploads\/2021\/03\/descarga-1-1.png\",\"contentUrl\":\"https:\/\/laboratorio717.org\/wp-content\/uploads\/2021\/03\/descarga-1-1.png\",\"width\":315,\"height\":160},{\"@type\":\"BreadcrumbList\",\"@id\":\"https:\/\/laboratorio717.org\/explorar\/agentes\/ver\/el-ejido\/#breadcrumb\",\"itemListElement\":[{\"@type\":\"ListItem\",\"position\":1,\"name\":\"Portada\",\"item\":\"https:\/\/laboratorio717.org\/\"},{\"@type\":\"ListItem\",\"position\":2,\"name\":\"Agentes\",\"item\":\"https:\/\/laboratorio717.org\/explorar\/agentes\/\"},{\"@type\":\"ListItem\",\"position\":3,\"name\":\"Ayuntamiento de El Ejido\"}]},{\"@type\":\"WebSite\",\"@id\":\"https:\/\/laboratorio717.org\/#website\",\"url\":\"https:\/\/laboratorio717.org\/\",\"name\":\"Lab 717\",\"description\":\"Laboratorio de Participaci\u00f3n e Innovaci\u00f3n Democr\u00e1tica de Andaluc\u00eda\",\"publisher\":{\"@id\":\"https:\/\/laboratorio717.org\/#organization\"},\"potentialAction\":[{\"@type\":\"SearchAction\",\"target\":{\"@type\":\"EntryPoint\",\"urlTemplate\":\"https:\/\/laboratorio717.org\/?s={search_term_string}\"},\"query-input\":{\"@type\":\"PropertyValueSpecification\",\"valueRequired\":true,\"valueName\":\"search_term_string\"}}],\"inLanguage\":\"es\"},{\"@type\":\"Organization\",\"@id\":\"https:\/\/laboratorio717.org\/#organization\",\"name\":\"Laboratorio 717\",\"url\":\"https:\/\/laboratorio717.org\/\",\"logo\":{\"@type\":\"ImageObject\",\"inLanguage\":\"es\",\"@id\":\"https:\/\/laboratorio717.org\/#\/schema\/logo\/image\/\",\"url\":\"https:\/\/laboratorio717.org\/wp-content\/uploads\/2019\/04\/lab717_A00_redes.png\",\"contentUrl\":\"https:\/\/laboratorio717.org\/wp-content\/uploads\/2019\/04\/lab717_A00_redes.png\",\"width\":1200,\"height\":630,\"caption\":\"Laboratorio 717\"},\"image\":{\"@id\":\"https:\/\/laboratorio717.org\/#\/schema\/logo\/image\/\"}}]}<\/script>\n<!-- \/ Yoast SEO plugin. -->","yoast_head_json":{"title":"Ayuntamiento de El Ejido - Lab 717","robots":{"index":"index","follow":"follow","max-snippet":"max-snippet:-1","max-image-preview":"max-image-preview:large","max-video-preview":"max-video-preview:-1"},"canonical":"https:\/\/laboratorio717.org\/explorar\/agentes\/ver\/el-ejido\/","og_locale":"es_ES","og_type":"article","og_title":"Ayuntamiento de El Ejido - Lab 717","og_url":"https:\/\/laboratorio717.org\/explorar\/agentes\/ver\/el-ejido\/","og_site_name":"Lab 717","article_modified_time":"2021-04-19T10:59:27+00:00","og_image":[{"width":315,"height":160,"url":"https:\/\/laboratorio717.org\/wp-content\/uploads\/2021\/03\/descarga-1-1.png","type":"image\/png"}],"twitter_card":"summary_large_image","twitter_misc":{"Tiempo de lectura":"2 minutos"},"schema":{"@context":"https:\/\/schema.org","@graph":[{"@type":"WebPage","@id":"https:\/\/laboratorio717.org\/explorar\/agentes\/ver\/el-ejido\/","url":"https:\/\/laboratorio717.org\/explorar\/agentes\/ver\/el-ejido\/","name":"Ayuntamiento de El Ejido - Lab 717","isPartOf":{"@id":"https:\/\/laboratorio717.org\/#website"},"primaryImageOfPage":{"@id":"https:\/\/laboratorio717.org\/explorar\/agentes\/ver\/el-ejido\/#primaryimage"},"image":{"@id":"https:\/\/laboratorio717.org\/explorar\/agentes\/ver\/el-ejido\/#primaryimage"},"thumbnailUrl":"https:\/\/laboratorio717.org\/wp-content\/uploads\/2021\/03\/descarga-1-1.png","datePublished":"2021-03-15T09:33:52+00:00","dateModified":"2021-04-19T10:59:27+00:00","breadcrumb":{"@id":"https:\/\/laboratorio717.org\/explorar\/agentes\/ver\/el-ejido\/#breadcrumb"},"inLanguage":"es","potentialAction":[{"@type":"ReadAction","target":["https:\/\/laboratorio717.org\/explorar\/agentes\/ver\/el-ejido\/"]}]},{"@type":"ImageObject","inLanguage":"es","@id":"https:\/\/laboratorio717.org\/explorar\/agentes\/ver\/el-ejido\/#primaryimage","url":"https:\/\/laboratorio717.org\/wp-content\/uploads\/2021\/03\/descarga-1-1.png","contentUrl":"https:\/\/laboratorio717.org\/wp-content\/uploads\/2021\/03\/descarga-1-1.png","width":315,"height":160},{"@type":"BreadcrumbList","@id":"https:\/\/laboratorio717.org\/explorar\/agentes\/ver\/el-ejido\/#breadcrumb","itemListElement":[{"@type":"ListItem","position":1,"name":"Portada","item":"https:\/\/laboratorio717.org\/"},{"@type":"ListItem","position":2,"name":"Agentes","item":"https:\/\/laboratorio717.org\/explorar\/agentes\/"},{"@type":"ListItem","position":3,"name":"Ayuntamiento de El Ejido"}]},{"@type":"WebSite","@id":"https:\/\/laboratorio717.org\/#website","url":"https:\/\/laboratorio717.org\/","name":"Lab 717","description":"Laboratorio de Participaci\u00f3n e Innovaci\u00f3n Democr\u00e1tica de Andaluc\u00eda","publisher":{"@id":"https:\/\/laboratorio717.org\/#organization"},"potentialAction":[{"@type":"SearchAction","target":{"@type":"EntryPoint","urlTemplate":"https:\/\/laboratorio717.org\/?s={search_term_string}"},"query-input":{"@type":"PropertyValueSpecification","valueRequired":true,"valueName":"search_term_string"}}],"inLanguage":"es"},{"@type":"Organization","@id":"https:\/\/laboratorio717.org\/#organization","name":"Laboratorio 717","url":"https:\/\/laboratorio717.org\/","logo":{"@type":"ImageObject","inLanguage":"es","@id":"https:\/\/laboratorio717.org\/#\/schema\/logo\/image\/","url":"https:\/\/laboratorio717.org\/wp-content\/uploads\/2019\/04\/lab717_A00_redes.png","contentUrl":"https:\/\/laboratorio717.org\/wp-content\/uploads\/2019\/04\/lab717_A00_redes.png","width":1200,"height":630,"caption":"Laboratorio 717"},"image":{"@id":"https:\/\/laboratorio717.org\/#\/schema\/logo\/image\/"}}]}},"_links":{"self":[{"href":"https:\/\/laboratorio717.org\/API\/wp\/v2\/entity\/3450","targetHints":{"allow":["GET"]}}],"collection":[{"href":"https:\/\/laboratorio717.org\/API\/wp\/v2\/entity"}],"about":[{"href":"https:\/\/laboratorio717.org\/API\/wp\/v2\/types\/entity"}],"author":[{"embeddable":true,"href":"https:\/\/laboratorio717.org\/API\/wp\/v2\/users\/211"}],"wp:featuredmedia":[{"embeddable":true,"href":"https:\/\/laboratorio717.org\/API\/wp\/v2\/media\/3451"}],"wp:attachment":[{"href":"https:\/\/laboratorio717.org\/API\/wp\/v2\/media?parent=3450"}],"wp:term":[{"taxonomy":"post_tag","embeddable":true,"href":"https:\/\/laboratorio717.org\/API\/wp\/v2\/tags?post=3450"},{"taxonomy":"entity_type","embeddable":true,"href":"https:\/\/laboratorio717.org\/API\/wp\/v2\/entity_type?post=3450"}],"curies":[{"name":"wp","href":"https:\/\/api.w.org\/{rel}","templated":true}]}}

<p><span style="font-weight: 400;">El Ejido es una ciudad de Andalucía situada al suroeste de la provincia de Almería y que cuenta con una población de 83.758 habitantes. Es conocida por sus cultivos de invernadero, lo que la dotan de un peculiar mar de plástico, siendo este el principal motor económico de la ciudad. También e</span>s característico de este municipio la Reserva Natural de Punta Entinas-Sabinar, un conjunto de dunas, playas y lagunas de gran importancia medioambiental; o el espacio arqueológico de Ciavieja, el cual recoge la historia y la influencia que tuvo el Neolítico, la Edad del Cobre, del Bronce y la etapa romana. El Ejido es además conocido por su litoral, bañado por las aguas del Mediterráneo. </p>
<p><span style="font-weight: 400;">Las competencias de participación ciudadana del </span><b>Ayuntamiento de El Ejido </b><span style="font-weight: 400;">se enmarcan en el </span><b>Área de Participación Ciudadana, </b><span style="font-weight: 400;">y se llevan a cabo a través de</span> <span style="font-weight: 400;">la </span><b>Concejalía de Cultura</b><span style="font-weight: 400;">, por l</span>a<b> Delegación especial en materia de Participación. </b></p>
<p><span style="font-weight: 400;">De acuerdo con la </span><span style="font-weight: 400;"><a href="https://transparencia.elejido.es/index.php/publicidad-activa/242-informacion-institucional-y-organizativa/concejales-delegados/1110-concejales-delegados">página web del consistorio</a></span><span style="font-weight: 400;">, la persona responsables es:</span></p>
<ul>
<li aria-level="1"><strong>Domingo Jesús Pérez Gómez,</strong> Técnico de Participación Ciudadana.</li>
<li style="font-weight: 400;" aria-level="1"><b>Julia Ibáñez Martínez</b><span style="font-weight: 400;">, </span><span style="font-weight: 400;">Segunda Teniente de Alcalde y Concejala de Cultura, </span><span style="font-weight: 400;">encargada de la </span><span style="font-weight: 400;">Delegación genérica para la dirección y gestión del Área de Cultura y delegación especial en materia de Participación. </span></li>
</ul>
<p><span style="font-weight: 400;">El Ayuntamiento de El Ejido considera una herramienta básica para promover la articulación de dinámicas participativas que contribuyan al desarrollo socio-comunitario y la habilitación de espacios en los que las entidades puedan desarrollar su trabajo creativo y deliberativo de forma independiente y responsable. Por ello, a través de concesiones de uso privativo, se pone a disposición de las entidades sin ánimo de lucro inscritas en el Registro Municipal de Asociaciones y Entidades sin ánimo de lucro de El Ejido, el edificio de titularidad municipal denominado <strong>Centro Asociativo Municipal</strong>.</span></p>
<p><span style="font-weight: 400;"> Estas instalaciones del Centro Asociativo Municipal, que cuentan con despachos individuales y salas de trabajo y formación para uso compartido, son el espacio idóneo con el que el Ayuntamiento de El Ejido quiere contribuir al desarrollo de un movimiento asociativo sólido, responsable y comprometido en la construcción de un modelo social que garantice la convivencia ciudadana.</span></p>
<p><span style="font-weight: 400;">En la web se incluye información sobre las </span><a href="https://participacion.elejido.es/index.php/centro-asociativo/"><span style="font-weight: 400;">Asociaciones del Centro Asociativo Municipal</span></a><span style="font-weight: 400;">, las </span><a href="https://participacion.elejido.es/index.php/convocatorias/"><span style="font-weight: 400;">Convocatorias y Subvenciones</span></a><span style="font-weight: 400;">, así como la </span><a href="https://participacion.elejido.es/index.php/248-2/"><span style="font-weight: 400;">Documentación y Procedimientos</span></a><span style="font-weight: 400;"> y </span><a href="https://participacion.elejido.es/index.php/formacion/"><span style="font-weight: 400;">Programas Formativos</span></a><span style="font-weight: 400;">. También es posible acceder a un <a href="https://participacion.elejido.es/index.php/calendario-participacion/">Calendario de Actividades</a> y noticias sobre la participación.</span></p>
<p><i><span style="font-weight: 400;">Información actualizada a 19 de abril de 2021 de acuerdo con los datos disponibles en las fuentes indicadas en el texto.</span></i></p>

<!-- This site is optimized with the Yoast SEO plugin v26.8 - https://yoast.com/product/yoast-seo-wordpress/ -->
<title>Ayuntamiento de El Ejido - Lab 717</title>
<meta name="robots" content="index, follow, max-snippet:-1, max-image-preview:large, max-video-preview:-1" />
<link rel="canonical" href="https://laboratorio717.org/explorar/agentes/ver/el-ejido/" />
<meta property="og:locale" content="es_ES" />
<meta property="og:type" content="article" />
<meta property="og:title" content="Ayuntamiento de El Ejido - Lab 717" />
<meta property="og:url" content="https://laboratorio717.org/explorar/agentes/ver/el-ejido/" />
<meta property="og:site_name" content="Lab 717" />
<meta property="article:modified_time" content="2021-04-19T10:59:27+00:00" />
<meta property="og:image" content="https://laboratorio717.org/wp-content/uploads/2021/03/descarga-1-1.png" />
	<meta property="og:image:width" content="315" />
	<meta property="og:image:height" content="160" />
	<meta property="og:image:type" content="image/png" />
<meta name="twitter:card" content="summary_large_image" />
<meta name="twitter:label1" content="Tiempo de lectura" />
	<meta name="twitter:data1" content="2 minutos" />
<script type="application/ld+json" class="yoast-schema-graph">{"@context":"https://schema.org","@graph":[{"@type":"WebPage","@id":"https://laboratorio717.org/explorar/agentes/ver/el-ejido/","url":"https://laboratorio717.org/explorar/agentes/ver/el-ejido/","name":"Ayuntamiento de El Ejido - Lab 717","isPartOf":{"@id":"https://laboratorio717.org/#website"},"primaryImageOfPage":{"@id":"https://laboratorio717.org/explorar/agentes/ver/el-ejido/#primaryimage"},"image":{"@id":"https://laboratorio717.org/explorar/agentes/ver/el-ejido/#primaryimage"},"thumbnailUrl":"https://laboratorio717.org/wp-content/uploads/2021/03/descarga-1-1.png","datePublished":"2021-03-15T09:33:52+00:00","dateModified":"2021-04-19T10:59:27+00:00","breadcrumb":{"@id":"https://laboratorio717.org/explorar/agentes/ver/el-ejido/#breadcrumb"},"inLanguage":"es","potentialAction":[{"@type":"ReadAction","target":["https://laboratorio717.org/explorar/agentes/ver/el-ejido/"]}]},{"@type":"ImageObject","inLanguage":"es","@id":"https://laboratorio717.org/explorar/agentes/ver/el-ejido/#primaryimage","url":"https://laboratorio717.org/wp-content/uploads/2021/03/descarga-1-1.png","contentUrl":"https://laboratorio717.org/wp-content/uploads/2021/03/descarga-1-1.png","width":315,"height":160},{"@type":"BreadcrumbList","@id":"https://laboratorio717.org/explorar/agentes/ver/el-ejido/#breadcrumb","itemListElement":[{"@type":"ListItem","position":1,"name":"Portada","item":"https://laboratorio717.org/"},{"@type":"ListItem","position":2,"name":"Agentes","item":"https://laboratorio717.org/explorar/agentes/"},{"@type":"ListItem","position":3,"name":"Ayuntamiento de El Ejido"}]},{"@type":"WebSite","@id":"https://laboratorio717.org/#website","url":"https://laboratorio717.org/","name":"Lab 717","description":"Laboratorio de Participación e Innovación Democrática de Andalucía","publisher":{"@id":"https://laboratorio717.org/#organization"},"potentialAction":[{"@type":"SearchAction","target":{"@type":"EntryPoint","urlTemplate":"https://laboratorio717.org/?s={search_term_string}"},"query-input":{"@type":"PropertyValueSpecification","valueRequired":true,"valueName":"search_term_string"}}],"inLanguage":"es"},{"@type":"Organization","@id":"https://laboratorio717.org/#organization","name":"Laboratorio 717","url":"https://laboratorio717.org/","logo":{"@type":"ImageObject","inLanguage":"es","@id":"https://laboratorio717.org/#/schema/logo/image/","url":"https://laboratorio717.org/wp-content/uploads/2019/04/lab717_A00_redes.png","contentUrl":"https://laboratorio717.org/wp-content/uploads/2019/04/lab717_A00_redes.png","width":1200,"height":630,"caption":"Laboratorio 717"},"image":{"@id":"https://laboratorio717.org/#/schema/logo/image/"}}]}</script>
<!-- / Yoast SEO plugin. -->

Laboratorio de Participación e Innovación Democrática de Andalucía
