{"id":3002,"date":"2020-05-11T15:30:22","date_gmt":"2020-05-11T13:30:22","guid":{"rendered":"https:\/\/laboratorio717.org\/?post_type=entity&#038;p=3002"},"modified":"2022-02-07T12:21:13","modified_gmt":"2022-02-07T11:21:13","slug":"ayuntamiento-de-osuna","status":"publish","type":"entity","link":"https:\/\/laboratorio717.org\/explorar\/agentes\/ver\/ayuntamiento-de-osuna\/","title":{"rendered":"Ayuntamiento de Osuna"},"content":{"rendered":"\n<p>De acuerdo con&nbsp;<a href=\"https:\/\/es.wikipedia.org\/wiki\/Osuna\">Wikipedia<\/a>: \u00ab<strong>Osuna<\/strong>&nbsp;es un municipio espa\u00f1ol de la provincia de Sevilla, Andaluc\u00eda. Se encuentra situada a una altitud de 322 metros y a 87,4 kil\u00f3metros de la capital de provincia, Sevilla. El origen de Osuna se remonta hasta hace unos tres mil a\u00f1os, cuando los turdetanos habitan la ciudad que m\u00e1s adelante se conocer\u00eda como Urso. En el a\u00f1o 44-43 a. C., cumpliendo una previsi\u00f3n anterior de Julio C\u00e9sar, fue refundada por Marco Antonio con veteranos de las \u00faltimas guerras civiles, d\u00e1ndole el estatuto de colonia de ciudadanos romanos y el nombre oficial de Colonia Genetiva Iulia, tambi\u00e9n documentado en algunas inscripciones.<\/p>\n\n\n\n<p>Las competencias de Participaci\u00f3n Ciudadana se encuentran integradas en la<strong> Concejal\u00eda de Participaci\u00f3n Ciudadana<\/strong>, cuya responsable es<strong> D\u00aa Pilar Ruda D\u00edaz<\/strong>. Seg\u00fan su\u00a0<a href=\"http:\/\/www.osuna.es\/es\/ayuntamiento\/delegaciones\/Participacion-Ciudadana-00005\/?urlBack=\/es\/ayuntamiento\/delegaciones\/index.html\">p\u00e1gina web<\/a>\u00a0el \u00e1rea de Participaci\u00f3n Ciudadana tiene como objetivo establecer los canales de comunicaci\u00f3n y puentes de relaci\u00f3n entre el Ayuntamiento y la ciudadan\u00eda, las asociaciones y los colectivos de la localidad, apoyando las iniciativas y las actividades de todas estas entidades sociales, a la vez que impulsa y fomenta los programas, cursos y talleres de variedad tem\u00e1tica destinados tanto a adultos como a menores, as\u00ed como la promoci\u00f3n del voluntariado.<\/p>\n\n\n\n<p><em>Informaci\u00f3n actualizada a 07 de febrero de 2022 de acuerdo con los datos disponibles en las fuentes indicadas en el texto.<\/em><\/p>\n","protected":false},"author":340,"featured_media":4662,"template":"","tags":[592],"entity_type":[71],"class_list":["post-3002","entity","type-entity","status-publish","has-post-thumbnail","hentry","tag-ayuntamiento-osuna","entity_type-organismo-publico"],"yoast_head":"<!-- This site is optimized with the Yoast SEO plugin v26.8 - https:\/\/yoast.com\/product\/yoast-seo-wordpress\/ -->\n<title>Ayuntamiento de Osuna - Lab 717<\/title>\n<meta name=\"robots\" content=\"index, follow, max-snippet:-1, max-image-preview:large, max-video-preview:-1\" \/>\n<link rel=\"canonical\" href=\"https:\/\/laboratorio717.org\/explorar\/agentes\/ver\/ayuntamiento-de-osuna\/\" \/>\n<meta property=\"og:locale\" content=\"es_ES\" \/>\n<meta property=\"og:type\" content=\"article\" \/>\n<meta property=\"og:title\" content=\"Ayuntamiento de Osuna - Lab 717\" \/>\n<meta property=\"og:description\" content=\"De acuerdo con&nbsp;Wikipedia: \u00abOsuna&nbsp;es un municipio espa\u00f1ol de la provincia de Sevilla, Andaluc\u00eda. Se encuentra situada a una altitud de 322 metros y a 87,4 kil\u00f3metros de la capital de provincia, Sevilla. El origen de Osuna se remonta hasta hace unos tres mil a\u00f1os, cuando los turdetanos habitan la ciudad que m\u00e1s adelante se conocer\u00eda [&hellip;]\" \/>\n<meta property=\"og:url\" content=\"https:\/\/laboratorio717.org\/explorar\/agentes\/ver\/ayuntamiento-de-osuna\/\" \/>\n<meta property=\"og:site_name\" content=\"Lab 717\" \/>\n<meta property=\"article:modified_time\" content=\"2022-02-07T11:21:13+00:00\" \/>\n<meta property=\"og:image\" content=\"https:\/\/laboratorio717.org\/wp-content\/uploads\/2020\/05\/descarga-1.png\" \/>\n\t<meta property=\"og:image:width\" content=\"267\" \/>\n\t<meta property=\"og:image:height\" content=\"189\" \/>\n\t<meta property=\"og:image:type\" content=\"image\/png\" \/>\n<meta name=\"twitter:card\" content=\"summary_large_image\" \/>\n<meta name=\"twitter:label1\" content=\"Tiempo de lectura\" \/>\n\t<meta name=\"twitter:data1\" content=\"2 minutos\" \/>\n<script type=\"application\/ld+json\" class=\"yoast-schema-graph\">{\"@context\":\"https:\/\/schema.org\",\"@graph\":[{\"@type\":\"WebPage\",\"@id\":\"https:\/\/laboratorio717.org\/explorar\/agentes\/ver\/ayuntamiento-de-osuna\/\",\"url\":\"https:\/\/laboratorio717.org\/explorar\/agentes\/ver\/ayuntamiento-de-osuna\/\",\"name\":\"Ayuntamiento de Osuna - Lab 717\",\"isPartOf\":{\"@id\":\"https:\/\/laboratorio717.org\/#website\"},\"primaryImageOfPage\":{\"@id\":\"https:\/\/laboratorio717.org\/explorar\/agentes\/ver\/ayuntamiento-de-osuna\/#primaryimage\"},\"image\":{\"@id\":\"https:\/\/laboratorio717.org\/explorar\/agentes\/ver\/ayuntamiento-de-osuna\/#primaryimage\"},\"thumbnailUrl\":\"https:\/\/laboratorio717.org\/wp-content\/uploads\/2020\/05\/descarga-1.png\",\"datePublished\":\"2020-05-11T13:30:22+00:00\",\"dateModified\":\"2022-02-07T11:21:13+00:00\",\"breadcrumb\":{\"@id\":\"https:\/\/laboratorio717.org\/explorar\/agentes\/ver\/ayuntamiento-de-osuna\/#breadcrumb\"},\"inLanguage\":\"es\",\"potentialAction\":[{\"@type\":\"ReadAction\",\"target\":[\"https:\/\/laboratorio717.org\/explorar\/agentes\/ver\/ayuntamiento-de-osuna\/\"]}]},{\"@type\":\"ImageObject\",\"inLanguage\":\"es\",\"@id\":\"https:\/\/laboratorio717.org\/explorar\/agentes\/ver\/ayuntamiento-de-osuna\/#primaryimage\",\"url\":\"https:\/\/laboratorio717.org\/wp-content\/uploads\/2020\/05\/descarga-1.png\",\"contentUrl\":\"https:\/\/laboratorio717.org\/wp-content\/uploads\/2020\/05\/descarga-1.png\",\"width\":267,\"height\":189},{\"@type\":\"BreadcrumbList\",\"@id\":\"https:\/\/laboratorio717.org\/explorar\/agentes\/ver\/ayuntamiento-de-osuna\/#breadcrumb\",\"itemListElement\":[{\"@type\":\"ListItem\",\"position\":1,\"name\":\"Portada\",\"item\":\"https:\/\/laboratorio717.org\/\"},{\"@type\":\"ListItem\",\"position\":2,\"name\":\"Agentes\",\"item\":\"https:\/\/laboratorio717.org\/explorar\/agentes\/\"},{\"@type\":\"ListItem\",\"position\":3,\"name\":\"Ayuntamiento de Osuna\"}]},{\"@type\":\"WebSite\",\"@id\":\"https:\/\/laboratorio717.org\/#website\",\"url\":\"https:\/\/laboratorio717.org\/\",\"name\":\"Lab 717\",\"description\":\"Laboratorio de Participaci\u00f3n e Innovaci\u00f3n Democr\u00e1tica de Andaluc\u00eda\",\"publisher\":{\"@id\":\"https:\/\/laboratorio717.org\/#organization\"},\"potentialAction\":[{\"@type\":\"SearchAction\",\"target\":{\"@type\":\"EntryPoint\",\"urlTemplate\":\"https:\/\/laboratorio717.org\/?s={search_term_string}\"},\"query-input\":{\"@type\":\"PropertyValueSpecification\",\"valueRequired\":true,\"valueName\":\"search_term_string\"}}],\"inLanguage\":\"es\"},{\"@type\":\"Organization\",\"@id\":\"https:\/\/laboratorio717.org\/#organization\",\"name\":\"Laboratorio 717\",\"url\":\"https:\/\/laboratorio717.org\/\",\"logo\":{\"@type\":\"ImageObject\",\"inLanguage\":\"es\",\"@id\":\"https:\/\/laboratorio717.org\/#\/schema\/logo\/image\/\",\"url\":\"https:\/\/laboratorio717.org\/wp-content\/uploads\/2019\/04\/lab717_A00_redes.png\",\"contentUrl\":\"https:\/\/laboratorio717.org\/wp-content\/uploads\/2019\/04\/lab717_A00_redes.png\",\"width\":1200,\"height\":630,\"caption\":\"Laboratorio 717\"},\"image\":{\"@id\":\"https:\/\/laboratorio717.org\/#\/schema\/logo\/image\/\"}}]}<\/script>\n<!-- \/ Yoast SEO plugin. -->","yoast_head_json":{"title":"Ayuntamiento de Osuna - Lab 717","robots":{"index":"index","follow":"follow","max-snippet":"max-snippet:-1","max-image-preview":"max-image-preview:large","max-video-preview":"max-video-preview:-1"},"canonical":"https:\/\/laboratorio717.org\/explorar\/agentes\/ver\/ayuntamiento-de-osuna\/","og_locale":"es_ES","og_type":"article","og_title":"Ayuntamiento de Osuna - Lab 717","og_description":"De acuerdo con&nbsp;Wikipedia: \u00abOsuna&nbsp;es un municipio espa\u00f1ol de la provincia de Sevilla, Andaluc\u00eda. Se encuentra situada a una altitud de 322 metros y a 87,4 kil\u00f3metros de la capital de provincia, Sevilla. El origen de Osuna se remonta hasta hace unos tres mil a\u00f1os, cuando los turdetanos habitan la ciudad que m\u00e1s adelante se conocer\u00eda [&hellip;]","og_url":"https:\/\/laboratorio717.org\/explorar\/agentes\/ver\/ayuntamiento-de-osuna\/","og_site_name":"Lab 717","article_modified_time":"2022-02-07T11:21:13+00:00","og_image":[{"width":267,"height":189,"url":"https:\/\/laboratorio717.org\/wp-content\/uploads\/2020\/05\/descarga-1.png","type":"image\/png"}],"twitter_card":"summary_large_image","twitter_misc":{"Tiempo de lectura":"2 minutos"},"schema":{"@context":"https:\/\/schema.org","@graph":[{"@type":"WebPage","@id":"https:\/\/laboratorio717.org\/explorar\/agentes\/ver\/ayuntamiento-de-osuna\/","url":"https:\/\/laboratorio717.org\/explorar\/agentes\/ver\/ayuntamiento-de-osuna\/","name":"Ayuntamiento de Osuna - Lab 717","isPartOf":{"@id":"https:\/\/laboratorio717.org\/#website"},"primaryImageOfPage":{"@id":"https:\/\/laboratorio717.org\/explorar\/agentes\/ver\/ayuntamiento-de-osuna\/#primaryimage"},"image":{"@id":"https:\/\/laboratorio717.org\/explorar\/agentes\/ver\/ayuntamiento-de-osuna\/#primaryimage"},"thumbnailUrl":"https:\/\/laboratorio717.org\/wp-content\/uploads\/2020\/05\/descarga-1.png","datePublished":"2020-05-11T13:30:22+00:00","dateModified":"2022-02-07T11:21:13+00:00","breadcrumb":{"@id":"https:\/\/laboratorio717.org\/explorar\/agentes\/ver\/ayuntamiento-de-osuna\/#breadcrumb"},"inLanguage":"es","potentialAction":[{"@type":"ReadAction","target":["https:\/\/laboratorio717.org\/explorar\/agentes\/ver\/ayuntamiento-de-osuna\/"]}]},{"@type":"ImageObject","inLanguage":"es","@id":"https:\/\/laboratorio717.org\/explorar\/agentes\/ver\/ayuntamiento-de-osuna\/#primaryimage","url":"https:\/\/laboratorio717.org\/wp-content\/uploads\/2020\/05\/descarga-1.png","contentUrl":"https:\/\/laboratorio717.org\/wp-content\/uploads\/2020\/05\/descarga-1.png","width":267,"height":189},{"@type":"BreadcrumbList","@id":"https:\/\/laboratorio717.org\/explorar\/agentes\/ver\/ayuntamiento-de-osuna\/#breadcrumb","itemListElement":[{"@type":"ListItem","position":1,"name":"Portada","item":"https:\/\/laboratorio717.org\/"},{"@type":"ListItem","position":2,"name":"Agentes","item":"https:\/\/laboratorio717.org\/explorar\/agentes\/"},{"@type":"ListItem","position":3,"name":"Ayuntamiento de Osuna"}]},{"@type":"WebSite","@id":"https:\/\/laboratorio717.org\/#website","url":"https:\/\/laboratorio717.org\/","name":"Lab 717","description":"Laboratorio de Participaci\u00f3n e Innovaci\u00f3n Democr\u00e1tica de Andaluc\u00eda","publisher":{"@id":"https:\/\/laboratorio717.org\/#organization"},"potentialAction":[{"@type":"SearchAction","target":{"@type":"EntryPoint","urlTemplate":"https:\/\/laboratorio717.org\/?s={search_term_string}"},"query-input":{"@type":"PropertyValueSpecification","valueRequired":true,"valueName":"search_term_string"}}],"inLanguage":"es"},{"@type":"Organization","@id":"https:\/\/laboratorio717.org\/#organization","name":"Laboratorio 717","url":"https:\/\/laboratorio717.org\/","logo":{"@type":"ImageObject","inLanguage":"es","@id":"https:\/\/laboratorio717.org\/#\/schema\/logo\/image\/","url":"https:\/\/laboratorio717.org\/wp-content\/uploads\/2019\/04\/lab717_A00_redes.png","contentUrl":"https:\/\/laboratorio717.org\/wp-content\/uploads\/2019\/04\/lab717_A00_redes.png","width":1200,"height":630,"caption":"Laboratorio 717"},"image":{"@id":"https:\/\/laboratorio717.org\/#\/schema\/logo\/image\/"}}]}},"_links":{"self":[{"href":"https:\/\/laboratorio717.org\/API\/wp\/v2\/entity\/3002","targetHints":{"allow":["GET"]}}],"collection":[{"href":"https:\/\/laboratorio717.org\/API\/wp\/v2\/entity"}],"about":[{"href":"https:\/\/laboratorio717.org\/API\/wp\/v2\/types\/entity"}],"author":[{"embeddable":true,"href":"https:\/\/laboratorio717.org\/API\/wp\/v2\/users\/340"}],"wp:featuredmedia":[{"embeddable":true,"href":"https:\/\/laboratorio717.org\/API\/wp\/v2\/media\/4662"}],"wp:attachment":[{"href":"https:\/\/laboratorio717.org\/API\/wp\/v2\/media?parent=3002"}],"wp:term":[{"taxonomy":"post_tag","embeddable":true,"href":"https:\/\/laboratorio717.org\/API\/wp\/v2\/tags?post=3002"},{"taxonomy":"entity_type","embeddable":true,"href":"https:\/\/laboratorio717.org\/API\/wp\/v2\/entity_type?post=3002"}],"curies":[{"name":"wp","href":"https:\/\/api.w.org\/{rel}","templated":true}]}}

<p>De acuerdo con&nbsp;<a href="https://es.wikipedia.org/wiki/Osuna">Wikipedia</a>: «<strong>Osuna</strong>&nbsp;es un municipio español de la provincia de Sevilla, Andalucía. Se encuentra situada a una altitud de 322 metros y a 87,4 kilómetros de la capital de provincia, Sevilla. El origen de Osuna se remonta hasta hace unos tres mil años, cuando los turdetanos habitan la ciudad que más adelante se conocería como Urso. En el año 44-43 a. C., cumpliendo una previsión anterior de Julio César, fue refundada por Marco Antonio con veteranos de las últimas guerras civiles, dándole el estatuto de colonia de ciudadanos romanos y el nombre oficial de Colonia Genetiva Iulia, también documentado en algunas inscripciones.</p>



<p>Las competencias de Participación Ciudadana se encuentran integradas en la<strong> Concejalía de Participación Ciudadana</strong>, cuya responsable es<strong> Dª Pilar Ruda Díaz</strong>. Según su <a href="http://www.osuna.es/es/ayuntamiento/delegaciones/Participacion-Ciudadana-00005/?urlBack=/es/ayuntamiento/delegaciones/index.html">página web</a> el área de Participación Ciudadana tiene como objetivo establecer los canales de comunicación y puentes de relación entre el Ayuntamiento y la ciudadanía, las asociaciones y los colectivos de la localidad, apoyando las iniciativas y las actividades de todas estas entidades sociales, a la vez que impulsa y fomenta los programas, cursos y talleres de variedad temática destinados tanto a adultos como a menores, así como la promoción del voluntariado.</p>



<p><em>Información actualizada a 07 de febrero de 2022 de acuerdo con los datos disponibles en las fuentes indicadas en el texto.</em></p>

<!-- This site is optimized with the Yoast SEO plugin v26.8 - https://yoast.com/product/yoast-seo-wordpress/ -->
<title>Ayuntamiento de Osuna - Lab 717</title>
<meta name="robots" content="index, follow, max-snippet:-1, max-image-preview:large, max-video-preview:-1" />
<link rel="canonical" href="https://laboratorio717.org/explorar/agentes/ver/ayuntamiento-de-osuna/" />
<meta property="og:locale" content="es_ES" />
<meta property="og:type" content="article" />
<meta property="og:title" content="Ayuntamiento de Osuna - Lab 717" />
<meta property="og:description" content="De acuerdo con&nbsp;Wikipedia: «Osuna&nbsp;es un municipio español de la provincia de Sevilla, Andalucía. Se encuentra situada a una altitud de 322 metros y a 87,4 kilómetros de la capital de provincia, Sevilla. El origen de Osuna se remonta hasta hace unos tres mil años, cuando los turdetanos habitan la ciudad que más adelante se conocería [&hellip;]" />
<meta property="og:url" content="https://laboratorio717.org/explorar/agentes/ver/ayuntamiento-de-osuna/" />
<meta property="og:site_name" content="Lab 717" />
<meta property="article:modified_time" content="2022-02-07T11:21:13+00:00" />
<meta property="og:image" content="https://laboratorio717.org/wp-content/uploads/2020/05/descarga-1.png" />
	<meta property="og:image:width" content="267" />
	<meta property="og:image:height" content="189" />
	<meta property="og:image:type" content="image/png" />
<meta name="twitter:card" content="summary_large_image" />
<meta name="twitter:label1" content="Tiempo de lectura" />
	<meta name="twitter:data1" content="2 minutos" />
<script type="application/ld+json" class="yoast-schema-graph">{"@context":"https://schema.org","@graph":[{"@type":"WebPage","@id":"https://laboratorio717.org/explorar/agentes/ver/ayuntamiento-de-osuna/","url":"https://laboratorio717.org/explorar/agentes/ver/ayuntamiento-de-osuna/","name":"Ayuntamiento de Osuna - Lab 717","isPartOf":{"@id":"https://laboratorio717.org/#website"},"primaryImageOfPage":{"@id":"https://laboratorio717.org/explorar/agentes/ver/ayuntamiento-de-osuna/#primaryimage"},"image":{"@id":"https://laboratorio717.org/explorar/agentes/ver/ayuntamiento-de-osuna/#primaryimage"},"thumbnailUrl":"https://laboratorio717.org/wp-content/uploads/2020/05/descarga-1.png","datePublished":"2020-05-11T13:30:22+00:00","dateModified":"2022-02-07T11:21:13+00:00","breadcrumb":{"@id":"https://laboratorio717.org/explorar/agentes/ver/ayuntamiento-de-osuna/#breadcrumb"},"inLanguage":"es","potentialAction":[{"@type":"ReadAction","target":["https://laboratorio717.org/explorar/agentes/ver/ayuntamiento-de-osuna/"]}]},{"@type":"ImageObject","inLanguage":"es","@id":"https://laboratorio717.org/explorar/agentes/ver/ayuntamiento-de-osuna/#primaryimage","url":"https://laboratorio717.org/wp-content/uploads/2020/05/descarga-1.png","contentUrl":"https://laboratorio717.org/wp-content/uploads/2020/05/descarga-1.png","width":267,"height":189},{"@type":"BreadcrumbList","@id":"https://laboratorio717.org/explorar/agentes/ver/ayuntamiento-de-osuna/#breadcrumb","itemListElement":[{"@type":"ListItem","position":1,"name":"Portada","item":"https://laboratorio717.org/"},{"@type":"ListItem","position":2,"name":"Agentes","item":"https://laboratorio717.org/explorar/agentes/"},{"@type":"ListItem","position":3,"name":"Ayuntamiento de Osuna"}]},{"@type":"WebSite","@id":"https://laboratorio717.org/#website","url":"https://laboratorio717.org/","name":"Lab 717","description":"Laboratorio de Participación e Innovación Democrática de Andalucía","publisher":{"@id":"https://laboratorio717.org/#organization"},"potentialAction":[{"@type":"SearchAction","target":{"@type":"EntryPoint","urlTemplate":"https://laboratorio717.org/?s={search_term_string}"},"query-input":{"@type":"PropertyValueSpecification","valueRequired":true,"valueName":"search_term_string"}}],"inLanguage":"es"},{"@type":"Organization","@id":"https://laboratorio717.org/#organization","name":"Laboratorio 717","url":"https://laboratorio717.org/","logo":{"@type":"ImageObject","inLanguage":"es","@id":"https://laboratorio717.org/#/schema/logo/image/","url":"https://laboratorio717.org/wp-content/uploads/2019/04/lab717_A00_redes.png","contentUrl":"https://laboratorio717.org/wp-content/uploads/2019/04/lab717_A00_redes.png","width":1200,"height":630,"caption":"Laboratorio 717"},"image":{"@id":"https://laboratorio717.org/#/schema/logo/image/"}}]}</script>
<!-- / Yoast SEO plugin. -->

De acuerdo con&nbsp;Wikipedia: «Osuna&nbsp;es un municipio español de la provincia de Sevilla, Andalucía. Se encuentra situada a una altitud de 322 metros y a 87,4 kilómetros de la capital de provincia, Sevilla. El origen de Osuna se remonta hasta hace unos tres mil años, cuando los turdetanos habitan la ciudad que más adelante se conocería [&hellip;]

Laboratorio de Participación e Innovación Democrática de Andalucía
