{"id":151,"date":"2019-02-26T08:53:40","date_gmt":"2019-02-26T07:53:40","guid":{"rendered":"http:\/\/laboratorio717.org\/?post_type=entity&#038;p=151"},"modified":"2019-07-26T11:01:23","modified_gmt":"2019-07-26T09:01:23","slug":"alianza-por-la-solidaridad-en-andalucia","status":"publish","type":"entity","link":"https:\/\/laboratorio717.org\/explorar\/agentes\/ver\/alianza-por-la-solidaridad-en-andalucia\/","title":{"rendered":"Alianza por la Solidaridad"},"content":{"rendered":"\n<p>Alianza por la Solidaridad es una organizaci\u00f3n de la sociedad civil, que canaliza el esfuerzo y el apoyo de m\u00e1s de 40.000 personas entre socios, voluntarios, simpatizantes y trabajadores para luchar contra las desigualdades y contribuir a proteger los Derechos Humanos en Am\u00e9rica Latina, \u00c1frica, Oriente Medio y Europa. <br><br><br>(Fuente: <a href=\"https:\/\/www.alianzaporlasolidaridad.org\/nosotros\/presentacion\">Alianza por la Solidaridad<\/a>)<\/p>\n","protected":false},"author":58,"featured_media":152,"template":"","tags":[],"entity_type":[36],"class_list":["post-151","entity","type-entity","status-publish","has-post-thumbnail","hentry","entity_type-ongs-y-asociaciones"],"yoast_head":"<!-- This site is optimized with the Yoast SEO plugin v26.8 - https:\/\/yoast.com\/product\/yoast-seo-wordpress\/ -->\n<title>Alianza por la Solidaridad - Lab 717<\/title>\n<meta name=\"robots\" content=\"index, follow, max-snippet:-1, max-image-preview:large, max-video-preview:-1\" \/>\n<link rel=\"canonical\" href=\"https:\/\/laboratorio717.org\/explorar\/agentes\/ver\/alianza-por-la-solidaridad-en-andalucia\/\" \/>\n<meta property=\"og:locale\" content=\"es_ES\" \/>\n<meta property=\"og:type\" content=\"article\" \/>\n<meta property=\"og:title\" content=\"Alianza por la Solidaridad - Lab 717\" \/>\n<meta property=\"og:description\" content=\"Alianza por la Solidaridad es una organizaci\u00f3n de la sociedad civil, que canaliza el esfuerzo y el apoyo de m\u00e1s de 40.000 personas entre socios, voluntarios, simpatizantes y trabajadores para luchar contra las desigualdades y contribuir a proteger los Derechos Humanos en Am\u00e9rica Latina, \u00c1frica, Oriente Medio y Europa. (Fuente: Alianza por la Solidaridad)\" \/>\n<meta property=\"og:url\" content=\"https:\/\/laboratorio717.org\/explorar\/agentes\/ver\/alianza-por-la-solidaridad-en-andalucia\/\" \/>\n<meta property=\"og:site_name\" content=\"Lab 717\" \/>\n<meta property=\"article:modified_time\" content=\"2019-07-26T09:01:23+00:00\" \/>\n<meta property=\"og:image\" content=\"https:\/\/laboratorio717.org\/wp-content\/uploads\/2019\/02\/12733594_945529068815747_8365191387657276276_n.jpg\" \/>\n\t<meta property=\"og:image:width\" content=\"300\" \/>\n\t<meta property=\"og:image:height\" content=\"300\" \/>\n\t<meta property=\"og:image:type\" content=\"image\/jpeg\" \/>\n<meta name=\"twitter:card\" content=\"summary_large_image\" \/>\n<script type=\"application\/ld+json\" class=\"yoast-schema-graph\">{\"@context\":\"https:\/\/schema.org\",\"@graph\":[{\"@type\":\"WebPage\",\"@id\":\"https:\/\/laboratorio717.org\/explorar\/agentes\/ver\/alianza-por-la-solidaridad-en-andalucia\/\",\"url\":\"https:\/\/laboratorio717.org\/explorar\/agentes\/ver\/alianza-por-la-solidaridad-en-andalucia\/\",\"name\":\"Alianza por la Solidaridad - Lab 717\",\"isPartOf\":{\"@id\":\"https:\/\/laboratorio717.org\/#website\"},\"primaryImageOfPage\":{\"@id\":\"https:\/\/laboratorio717.org\/explorar\/agentes\/ver\/alianza-por-la-solidaridad-en-andalucia\/#primaryimage\"},\"image\":{\"@id\":\"https:\/\/laboratorio717.org\/explorar\/agentes\/ver\/alianza-por-la-solidaridad-en-andalucia\/#primaryimage\"},\"thumbnailUrl\":\"https:\/\/laboratorio717.org\/wp-content\/uploads\/2019\/02\/12733594_945529068815747_8365191387657276276_n.jpg\",\"datePublished\":\"2019-02-26T07:53:40+00:00\",\"dateModified\":\"2019-07-26T09:01:23+00:00\",\"breadcrumb\":{\"@id\":\"https:\/\/laboratorio717.org\/explorar\/agentes\/ver\/alianza-por-la-solidaridad-en-andalucia\/#breadcrumb\"},\"inLanguage\":\"es\",\"potentialAction\":[{\"@type\":\"ReadAction\",\"target\":[\"https:\/\/laboratorio717.org\/explorar\/agentes\/ver\/alianza-por-la-solidaridad-en-andalucia\/\"]}]},{\"@type\":\"ImageObject\",\"inLanguage\":\"es\",\"@id\":\"https:\/\/laboratorio717.org\/explorar\/agentes\/ver\/alianza-por-la-solidaridad-en-andalucia\/#primaryimage\",\"url\":\"https:\/\/laboratorio717.org\/wp-content\/uploads\/2019\/02\/12733594_945529068815747_8365191387657276276_n.jpg\",\"contentUrl\":\"https:\/\/laboratorio717.org\/wp-content\/uploads\/2019\/02\/12733594_945529068815747_8365191387657276276_n.jpg\",\"width\":300,\"height\":300},{\"@type\":\"BreadcrumbList\",\"@id\":\"https:\/\/laboratorio717.org\/explorar\/agentes\/ver\/alianza-por-la-solidaridad-en-andalucia\/#breadcrumb\",\"itemListElement\":[{\"@type\":\"ListItem\",\"position\":1,\"name\":\"Portada\",\"item\":\"https:\/\/laboratorio717.org\/\"},{\"@type\":\"ListItem\",\"position\":2,\"name\":\"Agentes\",\"item\":\"https:\/\/laboratorio717.org\/explorar\/agentes\/\"},{\"@type\":\"ListItem\",\"position\":3,\"name\":\"Alianza por la Solidaridad\"}]},{\"@type\":\"WebSite\",\"@id\":\"https:\/\/laboratorio717.org\/#website\",\"url\":\"https:\/\/laboratorio717.org\/\",\"name\":\"Lab 717\",\"description\":\"Laboratorio de Participaci\u00f3n e Innovaci\u00f3n Democr\u00e1tica de Andaluc\u00eda\",\"publisher\":{\"@id\":\"https:\/\/laboratorio717.org\/#organization\"},\"potentialAction\":[{\"@type\":\"SearchAction\",\"target\":{\"@type\":\"EntryPoint\",\"urlTemplate\":\"https:\/\/laboratorio717.org\/?s={search_term_string}\"},\"query-input\":{\"@type\":\"PropertyValueSpecification\",\"valueRequired\":true,\"valueName\":\"search_term_string\"}}],\"inLanguage\":\"es\"},{\"@type\":\"Organization\",\"@id\":\"https:\/\/laboratorio717.org\/#organization\",\"name\":\"Laboratorio 717\",\"url\":\"https:\/\/laboratorio717.org\/\",\"logo\":{\"@type\":\"ImageObject\",\"inLanguage\":\"es\",\"@id\":\"https:\/\/laboratorio717.org\/#\/schema\/logo\/image\/\",\"url\":\"https:\/\/laboratorio717.org\/wp-content\/uploads\/2019\/04\/lab717_A00_redes.png\",\"contentUrl\":\"https:\/\/laboratorio717.org\/wp-content\/uploads\/2019\/04\/lab717_A00_redes.png\",\"width\":1200,\"height\":630,\"caption\":\"Laboratorio 717\"},\"image\":{\"@id\":\"https:\/\/laboratorio717.org\/#\/schema\/logo\/image\/\"}}]}<\/script>\n<!-- \/ Yoast SEO plugin. -->","yoast_head_json":{"title":"Alianza por la Solidaridad - Lab 717","robots":{"index":"index","follow":"follow","max-snippet":"max-snippet:-1","max-image-preview":"max-image-preview:large","max-video-preview":"max-video-preview:-1"},"canonical":"https:\/\/laboratorio717.org\/explorar\/agentes\/ver\/alianza-por-la-solidaridad-en-andalucia\/","og_locale":"es_ES","og_type":"article","og_title":"Alianza por la Solidaridad - Lab 717","og_description":"Alianza por la Solidaridad es una organizaci\u00f3n de la sociedad civil, que canaliza el esfuerzo y el apoyo de m\u00e1s de 40.000 personas entre socios, voluntarios, simpatizantes y trabajadores para luchar contra las desigualdades y contribuir a proteger los Derechos Humanos en Am\u00e9rica Latina, \u00c1frica, Oriente Medio y Europa. (Fuente: Alianza por la Solidaridad)","og_url":"https:\/\/laboratorio717.org\/explorar\/agentes\/ver\/alianza-por-la-solidaridad-en-andalucia\/","og_site_name":"Lab 717","article_modified_time":"2019-07-26T09:01:23+00:00","og_image":[{"width":300,"height":300,"url":"https:\/\/laboratorio717.org\/wp-content\/uploads\/2019\/02\/12733594_945529068815747_8365191387657276276_n.jpg","type":"image\/jpeg"}],"twitter_card":"summary_large_image","schema":{"@context":"https:\/\/schema.org","@graph":[{"@type":"WebPage","@id":"https:\/\/laboratorio717.org\/explorar\/agentes\/ver\/alianza-por-la-solidaridad-en-andalucia\/","url":"https:\/\/laboratorio717.org\/explorar\/agentes\/ver\/alianza-por-la-solidaridad-en-andalucia\/","name":"Alianza por la Solidaridad - Lab 717","isPartOf":{"@id":"https:\/\/laboratorio717.org\/#website"},"primaryImageOfPage":{"@id":"https:\/\/laboratorio717.org\/explorar\/agentes\/ver\/alianza-por-la-solidaridad-en-andalucia\/#primaryimage"},"image":{"@id":"https:\/\/laboratorio717.org\/explorar\/agentes\/ver\/alianza-por-la-solidaridad-en-andalucia\/#primaryimage"},"thumbnailUrl":"https:\/\/laboratorio717.org\/wp-content\/uploads\/2019\/02\/12733594_945529068815747_8365191387657276276_n.jpg","datePublished":"2019-02-26T07:53:40+00:00","dateModified":"2019-07-26T09:01:23+00:00","breadcrumb":{"@id":"https:\/\/laboratorio717.org\/explorar\/agentes\/ver\/alianza-por-la-solidaridad-en-andalucia\/#breadcrumb"},"inLanguage":"es","potentialAction":[{"@type":"ReadAction","target":["https:\/\/laboratorio717.org\/explorar\/agentes\/ver\/alianza-por-la-solidaridad-en-andalucia\/"]}]},{"@type":"ImageObject","inLanguage":"es","@id":"https:\/\/laboratorio717.org\/explorar\/agentes\/ver\/alianza-por-la-solidaridad-en-andalucia\/#primaryimage","url":"https:\/\/laboratorio717.org\/wp-content\/uploads\/2019\/02\/12733594_945529068815747_8365191387657276276_n.jpg","contentUrl":"https:\/\/laboratorio717.org\/wp-content\/uploads\/2019\/02\/12733594_945529068815747_8365191387657276276_n.jpg","width":300,"height":300},{"@type":"BreadcrumbList","@id":"https:\/\/laboratorio717.org\/explorar\/agentes\/ver\/alianza-por-la-solidaridad-en-andalucia\/#breadcrumb","itemListElement":[{"@type":"ListItem","position":1,"name":"Portada","item":"https:\/\/laboratorio717.org\/"},{"@type":"ListItem","position":2,"name":"Agentes","item":"https:\/\/laboratorio717.org\/explorar\/agentes\/"},{"@type":"ListItem","position":3,"name":"Alianza por la Solidaridad"}]},{"@type":"WebSite","@id":"https:\/\/laboratorio717.org\/#website","url":"https:\/\/laboratorio717.org\/","name":"Lab 717","description":"Laboratorio de Participaci\u00f3n e Innovaci\u00f3n Democr\u00e1tica de Andaluc\u00eda","publisher":{"@id":"https:\/\/laboratorio717.org\/#organization"},"potentialAction":[{"@type":"SearchAction","target":{"@type":"EntryPoint","urlTemplate":"https:\/\/laboratorio717.org\/?s={search_term_string}"},"query-input":{"@type":"PropertyValueSpecification","valueRequired":true,"valueName":"search_term_string"}}],"inLanguage":"es"},{"@type":"Organization","@id":"https:\/\/laboratorio717.org\/#organization","name":"Laboratorio 717","url":"https:\/\/laboratorio717.org\/","logo":{"@type":"ImageObject","inLanguage":"es","@id":"https:\/\/laboratorio717.org\/#\/schema\/logo\/image\/","url":"https:\/\/laboratorio717.org\/wp-content\/uploads\/2019\/04\/lab717_A00_redes.png","contentUrl":"https:\/\/laboratorio717.org\/wp-content\/uploads\/2019\/04\/lab717_A00_redes.png","width":1200,"height":630,"caption":"Laboratorio 717"},"image":{"@id":"https:\/\/laboratorio717.org\/#\/schema\/logo\/image\/"}}]}},"_links":{"self":[{"href":"https:\/\/laboratorio717.org\/API\/wp\/v2\/entity\/151","targetHints":{"allow":["GET"]}}],"collection":[{"href":"https:\/\/laboratorio717.org\/API\/wp\/v2\/entity"}],"about":[{"href":"https:\/\/laboratorio717.org\/API\/wp\/v2\/types\/entity"}],"author":[{"embeddable":true,"href":"https:\/\/laboratorio717.org\/API\/wp\/v2\/users\/58"}],"wp:featuredmedia":[{"embeddable":true,"href":"https:\/\/laboratorio717.org\/API\/wp\/v2\/media\/152"}],"wp:attachment":[{"href":"https:\/\/laboratorio717.org\/API\/wp\/v2\/media?parent=151"}],"wp:term":[{"taxonomy":"post_tag","embeddable":true,"href":"https:\/\/laboratorio717.org\/API\/wp\/v2\/tags?post=151"},{"taxonomy":"entity_type","embeddable":true,"href":"https:\/\/laboratorio717.org\/API\/wp\/v2\/entity_type?post=151"}],"curies":[{"name":"wp","href":"https:\/\/api.w.org\/{rel}","templated":true}]}}

<p>Alianza por la Solidaridad es una organización de la sociedad civil, que canaliza el esfuerzo y el apoyo de más de 40.000 personas entre socios, voluntarios, simpatizantes y trabajadores para luchar contra las desigualdades y contribuir a proteger los Derechos Humanos en América Latina, África, Oriente Medio y Europa. <br><br><br>(Fuente: <a href="https://www.alianzaporlasolidaridad.org/nosotros/presentacion">Alianza por la Solidaridad</a>)</p>

<!-- This site is optimized with the Yoast SEO plugin v26.8 - https://yoast.com/product/yoast-seo-wordpress/ -->
<title>Alianza por la Solidaridad - Lab 717</title>
<meta name="robots" content="index, follow, max-snippet:-1, max-image-preview:large, max-video-preview:-1" />
<link rel="canonical" href="https://laboratorio717.org/explorar/agentes/ver/alianza-por-la-solidaridad-en-andalucia/" />
<meta property="og:locale" content="es_ES" />
<meta property="og:type" content="article" />
<meta property="og:title" content="Alianza por la Solidaridad - Lab 717" />
<meta property="og:description" content="Alianza por la Solidaridad es una organización de la sociedad civil, que canaliza el esfuerzo y el apoyo de más de 40.000 personas entre socios, voluntarios, simpatizantes y trabajadores para luchar contra las desigualdades y contribuir a proteger los Derechos Humanos en América Latina, África, Oriente Medio y Europa. (Fuente: Alianza por la Solidaridad)" />
<meta property="og:url" content="https://laboratorio717.org/explorar/agentes/ver/alianza-por-la-solidaridad-en-andalucia/" />
<meta property="og:site_name" content="Lab 717" />
<meta property="article:modified_time" content="2019-07-26T09:01:23+00:00" />
<meta property="og:image" content="https://laboratorio717.org/wp-content/uploads/2019/02/12733594_945529068815747_8365191387657276276_n.jpg" />
	<meta property="og:image:width" content="300" />
	<meta property="og:image:height" content="300" />
	<meta property="og:image:type" content="image/jpeg" />
<meta name="twitter:card" content="summary_large_image" />
<script type="application/ld+json" class="yoast-schema-graph">{"@context":"https://schema.org","@graph":[{"@type":"WebPage","@id":"https://laboratorio717.org/explorar/agentes/ver/alianza-por-la-solidaridad-en-andalucia/","url":"https://laboratorio717.org/explorar/agentes/ver/alianza-por-la-solidaridad-en-andalucia/","name":"Alianza por la Solidaridad - Lab 717","isPartOf":{"@id":"https://laboratorio717.org/#website"},"primaryImageOfPage":{"@id":"https://laboratorio717.org/explorar/agentes/ver/alianza-por-la-solidaridad-en-andalucia/#primaryimage"},"image":{"@id":"https://laboratorio717.org/explorar/agentes/ver/alianza-por-la-solidaridad-en-andalucia/#primaryimage"},"thumbnailUrl":"https://laboratorio717.org/wp-content/uploads/2019/02/12733594_945529068815747_8365191387657276276_n.jpg","datePublished":"2019-02-26T07:53:40+00:00","dateModified":"2019-07-26T09:01:23+00:00","breadcrumb":{"@id":"https://laboratorio717.org/explorar/agentes/ver/alianza-por-la-solidaridad-en-andalucia/#breadcrumb"},"inLanguage":"es","potentialAction":[{"@type":"ReadAction","target":["https://laboratorio717.org/explorar/agentes/ver/alianza-por-la-solidaridad-en-andalucia/"]}]},{"@type":"ImageObject","inLanguage":"es","@id":"https://laboratorio717.org/explorar/agentes/ver/alianza-por-la-solidaridad-en-andalucia/#primaryimage","url":"https://laboratorio717.org/wp-content/uploads/2019/02/12733594_945529068815747_8365191387657276276_n.jpg","contentUrl":"https://laboratorio717.org/wp-content/uploads/2019/02/12733594_945529068815747_8365191387657276276_n.jpg","width":300,"height":300},{"@type":"BreadcrumbList","@id":"https://laboratorio717.org/explorar/agentes/ver/alianza-por-la-solidaridad-en-andalucia/#breadcrumb","itemListElement":[{"@type":"ListItem","position":1,"name":"Portada","item":"https://laboratorio717.org/"},{"@type":"ListItem","position":2,"name":"Agentes","item":"https://laboratorio717.org/explorar/agentes/"},{"@type":"ListItem","position":3,"name":"Alianza por la Solidaridad"}]},{"@type":"WebSite","@id":"https://laboratorio717.org/#website","url":"https://laboratorio717.org/","name":"Lab 717","description":"Laboratorio de Participación e Innovación Democrática de Andalucía","publisher":{"@id":"https://laboratorio717.org/#organization"},"potentialAction":[{"@type":"SearchAction","target":{"@type":"EntryPoint","urlTemplate":"https://laboratorio717.org/?s={search_term_string}"},"query-input":{"@type":"PropertyValueSpecification","valueRequired":true,"valueName":"search_term_string"}}],"inLanguage":"es"},{"@type":"Organization","@id":"https://laboratorio717.org/#organization","name":"Laboratorio 717","url":"https://laboratorio717.org/","logo":{"@type":"ImageObject","inLanguage":"es","@id":"https://laboratorio717.org/#/schema/logo/image/","url":"https://laboratorio717.org/wp-content/uploads/2019/04/lab717_A00_redes.png","contentUrl":"https://laboratorio717.org/wp-content/uploads/2019/04/lab717_A00_redes.png","width":1200,"height":630,"caption":"Laboratorio 717"},"image":{"@id":"https://laboratorio717.org/#/schema/logo/image/"}}]}</script>
<!-- / Yoast SEO plugin. -->

Alianza por la Solidaridad es una organización de la sociedad civil, que canaliza el esfuerzo y el apoyo de más de 40.000 personas entre socios, voluntarios, simpatizantes y trabajadores para luchar contra las desigualdades y contribuir a proteger los Derechos Humanos en América Latina, África, Oriente Medio y Europa. (Fuente: Alianza por la Solidaridad)

Laboratorio de Participación e Innovación Democrática de Andalucía
